{"id":32,"date":"2014-02-01T16:37:34","date_gmt":"2014-02-01T14:37:34","guid":{"rendered":"http:\/\/3718.t3nz4.ntz.de\/?page_id=32"},"modified":"2026-01-09T12:56:28","modified_gmt":"2026-01-09T10:56:28","slug":"sonstiges","status":"publish","type":"page","link":"https:\/\/www.musikschule-clauss.de\/?page_id=32","title":{"rendered":"Sonstiges"},"content":{"rendered":"<p><!--themify_builder_static--><\/p>\n<h3>Infos zum Musikunterricht<\/h3>\n<ul>\n<li><a title=\"Schulordnung (AGB)\" href=\"https:\/\/www.musikschule-clauss.de\/?p=161\">Unsere Schulordnung (AGB)<\/a><\/li>\n<li><a title=\"Geb\u00fchrenordnung\" href=\"https:\/\/www.musikschule-clauss.de\/?p=168\">Geb\u00fchrenordnung<\/a><\/li>\n<li><a title=\"Tipps zum \u00dcben\" href=\"https:\/\/www.musikschule-clauss.de\/?p=176\">Tipps f\u00fcr Dich zum \u00dcben<\/a><\/li>\n<li><a href=\"https:\/\/www.gymnasiumneckartenzlingen.de\/download\/128\/\">Ferienplan 2025\/26 (als PDF)<\/a><\/li>\n<li><a href=\"https:\/\/www.gymnasiumneckartenzlingen.de\/download\/132\/\">Ferienplan 2026\/27 (als PDF)<\/a><\/li>\n<\/ul>\n<p><img loading=\"lazy\" decoding=\"async\" src=\"https:\/\/www.musikschule-clauss.de\/wp-content\/uploads\/2014\/02\/Posaune.gif\" width=\"151\" height=\"158\" title=\"Posaune\" alt=\"Posaune\"><\/p>\n<ul>\n<li>\n<h4>Ferienplan 2025\/26 direkt<\/h4>\n<p><img decoding=\"async\" src=\"https:\/\/www.musikschule-clauss.de\/wp-content\/uploads\/2026\/01\/Ferienplan-2526.jpg\" title=\"Ferienplan 2526\" alt=\"Ferienplan 2526\" srcset=\"https:\/\/www.musikschule-clauss.de\/wp-content\/uploads\/2026\/01\/Ferienplan-2526.jpg 1266w, https:\/\/www.musikschule-clauss.de\/wp-content\/uploads\/2026\/01\/Ferienplan-2526-300x205.jpg 300w, https:\/\/www.musikschule-clauss.de\/wp-content\/uploads\/2026\/01\/Ferienplan-2526-1024x700.jpg 1024w, https:\/\/www.musikschule-clauss.de\/wp-content\/uploads\/2026\/01\/Ferienplan-2526-768x525.jpg 768w\" sizes=\"(max-width: 1266px) 100vw, 1266px\" \/><\/li>\n<\/ul>\n<p><img decoding=\"async\" src=\"https:\/\/www.musikschule-clauss.de\/wp-content\/uploads\/2026\/01\/Ferienplan-2526.jpg\" title=\"Ferienplan 2526\" alt=\"Ferienplan 2526\" srcset=\"https:\/\/www.musikschule-clauss.de\/wp-content\/uploads\/2026\/01\/Ferienplan-2526.jpg 1266w, https:\/\/www.musikschule-clauss.de\/wp-content\/uploads\/2026\/01\/Ferienplan-2526-300x205.jpg 300w, https:\/\/www.musikschule-clauss.de\/wp-content\/uploads\/2026\/01\/Ferienplan-2526-1024x700.jpg 1024w, https:\/\/www.musikschule-clauss.de\/wp-content\/uploads\/2026\/01\/Ferienplan-2526-768x525.jpg 768w\" sizes=\"(max-width: 1266px) 100vw, 1266px\" \/><\/p>\n<ul>\n<li>\n<h4>Ferienplan 2026\/27 direkt<\/h4>\n<p><img decoding=\"async\" src=\"https:\/\/www.musikschule-clauss.de\/wp-content\/uploads\/2026\/01\/Ferienplan-2627.jpg\" title=\"Ferienplan 2627\" alt=\"Ferienplan 2627\" srcset=\"https:\/\/www.musikschule-clauss.de\/wp-content\/uploads\/2026\/01\/Ferienplan-2627.jpg 1261w, https:\/\/www.musikschule-clauss.de\/wp-content\/uploads\/2026\/01\/Ferienplan-2627-300x205.jpg 300w, https:\/\/www.musikschule-clauss.de\/wp-content\/uploads\/2026\/01\/Ferienplan-2627-1024x700.jpg 1024w, https:\/\/www.musikschule-clauss.de\/wp-content\/uploads\/2026\/01\/Ferienplan-2627-768x525.jpg 768w\" sizes=\"(max-width: 1261px) 100vw, 1261px\" \/><\/li>\n<\/ul>\n<p><img decoding=\"async\" src=\"https:\/\/www.musikschule-clauss.de\/wp-content\/uploads\/2026\/01\/Ferienplan-2627.jpg\" title=\"Ferienplan 2627\" alt=\"Ferienplan 2627\" srcset=\"https:\/\/www.musikschule-clauss.de\/wp-content\/uploads\/2026\/01\/Ferienplan-2627.jpg 1261w, https:\/\/www.musikschule-clauss.de\/wp-content\/uploads\/2026\/01\/Ferienplan-2627-300x205.jpg 300w, https:\/\/www.musikschule-clauss.de\/wp-content\/uploads\/2026\/01\/Ferienplan-2627-1024x700.jpg 1024w, https:\/\/www.musikschule-clauss.de\/wp-content\/uploads\/2026\/01\/Ferienplan-2627-768x525.jpg 768w\" sizes=\"(max-width: 1261px) 100vw, 1261px\" \/><!--\/themify_builder_static--><\/p>\n","protected":false},"excerpt":{"rendered":"<p>Infos zum Musikunterricht Unsere Schulordnung (AGB) Geb\u00fchrenordnung Tipps f\u00fcr Dich zum \u00dcben Ferienplan 2025\/26 (als PDF) Ferienplan 2026\/27 (als PDF) Ferienplan 2025\/26 direkt Ferienplan 2026\/27 direkt<\/p>\n","protected":false},"author":1,"featured_media":0,"parent":0,"menu_order":3,"comment_status":"closed","ping_status":"open","template":"","meta":{"footnotes":""},"class_list":["post-32","page","type-page","status-publish","hentry","has-post-title","has-post-date","has-post-category","has-post-tag","has-post-comment","has-post-author",""],"_links":{"self":[{"href":"https:\/\/www.musikschule-clauss.de\/index.php?rest_route=\/wp\/v2\/pages\/32","targetHints":{"allow":["GET"]}}],"collection":[{"href":"https:\/\/www.musikschule-clauss.de\/index.php?rest_route=\/wp\/v2\/pages"}],"about":[{"href":"https:\/\/www.musikschule-clauss.de\/index.php?rest_route=\/wp\/v2\/types\/page"}],"author":[{"embeddable":true,"href":"https:\/\/www.musikschule-clauss.de\/index.php?rest_route=\/wp\/v2\/users\/1"}],"replies":[{"embeddable":true,"href":"https:\/\/www.musikschule-clauss.de\/index.php?rest_route=%2Fwp%2Fv2%2Fcomments&post=32"}],"version-history":[{"count":49,"href":"https:\/\/www.musikschule-clauss.de\/index.php?rest_route=\/wp\/v2\/pages\/32\/revisions"}],"predecessor-version":[{"id":1462,"href":"https:\/\/www.musikschule-clauss.de\/index.php?rest_route=\/wp\/v2\/pages\/32\/revisions\/1462"}],"wp:attachment":[{"href":"https:\/\/www.musikschule-clauss.de\/index.php?rest_route=%2Fwp%2Fv2%2Fmedia&parent=32"}],"curies":[{"name":"wp","href":"https:\/\/api.w.org\/{rel}","templated":true}]}}

<p><!--themify_builder_static--></p>
<h3>Infos zum Musikunterricht</h3>
<ul>
<li><a title="Schulordnung (AGB)" href="https://www.musikschule-clauss.de/?p=161">Unsere Schulordnung (AGB)</a></li>
<li><a title="Gebührenordnung" href="https://www.musikschule-clauss.de/?p=168">Gebührenordnung</a></li>
<li><a title="Tipps zum Üben" href="https://www.musikschule-clauss.de/?p=176">Tipps für Dich zum Üben</a></li>
<li><a href="https://www.gymnasiumneckartenzlingen.de/download/128/">Ferienplan 2025/26 (als PDF)</a></li>
<li><a href="https://www.gymnasiumneckartenzlingen.de/download/132/">Ferienplan 2026/27 (als PDF)</a></li>
</ul>
<p><img loading="lazy" decoding="async" src="https://www.musikschule-clauss.de/wp-content/uploads/2014/02/Posaune.gif" width="151" height="158" title="Posaune" alt="Posaune"></p>
<ul>
<li>
<h4>Ferienplan 2025/26 direkt</h4>
<p><img decoding="async" src="https://www.musikschule-clauss.de/wp-content/uploads/2026/01/Ferienplan-2526.jpg" title="Ferienplan 2526" alt="Ferienplan 2526" srcset="https://www.musikschule-clauss.de/wp-content/uploads/2026/01/Ferienplan-2526.jpg 1266w, https://www.musikschule-clauss.de/wp-content/uploads/2026/01/Ferienplan-2526-300x205.jpg 300w, https://www.musikschule-clauss.de/wp-content/uploads/2026/01/Ferienplan-2526-1024x700.jpg 1024w, https://www.musikschule-clauss.de/wp-content/uploads/2026/01/Ferienplan-2526-768x525.jpg 768w" sizes="(max-width: 1266px) 100vw, 1266px" /></li>
</ul>
<p><img decoding="async" src="https://www.musikschule-clauss.de/wp-content/uploads/2026/01/Ferienplan-2526.jpg" title="Ferienplan 2526" alt="Ferienplan 2526" srcset="https://www.musikschule-clauss.de/wp-content/uploads/2026/01/Ferienplan-2526.jpg 1266w, https://www.musikschule-clauss.de/wp-content/uploads/2026/01/Ferienplan-2526-300x205.jpg 300w, https://www.musikschule-clauss.de/wp-content/uploads/2026/01/Ferienplan-2526-1024x700.jpg 1024w, https://www.musikschule-clauss.de/wp-content/uploads/2026/01/Ferienplan-2526-768x525.jpg 768w" sizes="(max-width: 1266px) 100vw, 1266px" /></p>
<ul>
<li>
<h4>Ferienplan 2026/27 direkt</h4>
<p><img decoding="async" src="https://www.musikschule-clauss.de/wp-content/uploads/2026/01/Ferienplan-2627.jpg" title="Ferienplan 2627" alt="Ferienplan 2627" srcset="https://www.musikschule-clauss.de/wp-content/uploads/2026/01/Ferienplan-2627.jpg 1261w, https://www.musikschule-clauss.de/wp-content/uploads/2026/01/Ferienplan-2627-300x205.jpg 300w, https://www.musikschule-clauss.de/wp-content/uploads/2026/01/Ferienplan-2627-1024x700.jpg 1024w, https://www.musikschule-clauss.de/wp-content/uploads/2026/01/Ferienplan-2627-768x525.jpg 768w" sizes="(max-width: 1261px) 100vw, 1261px" /></li>
</ul>
<p><img decoding="async" src="https://www.musikschule-clauss.de/wp-content/uploads/2026/01/Ferienplan-2627.jpg" title="Ferienplan 2627" alt="Ferienplan 2627" srcset="https://www.musikschule-clauss.de/wp-content/uploads/2026/01/Ferienplan-2627.jpg 1261w, https://www.musikschule-clauss.de/wp-content/uploads/2026/01/Ferienplan-2627-300x205.jpg 300w, https://www.musikschule-clauss.de/wp-content/uploads/2026/01/Ferienplan-2627-1024x700.jpg 1024w, https://www.musikschule-clauss.de/wp-content/uploads/2026/01/Ferienplan-2627-768x525.jpg 768w" sizes="(max-width: 1261px) 100vw, 1261px" /><!--/themify_builder_static--></p>

<p>Infos zum Musikunterricht Unsere Schulordnung (AGB) Gebührenordnung Tipps für Dich zum Üben Ferienplan 2025/26 (als PDF) Ferienplan 2026/27 (als PDF) Ferienplan 2025/26 direkt Ferienplan 2026/27 direkt</p>
